{"id":1550,"date":"2021-01-09T14:30:53","date_gmt":"2021-01-09T13:30:53","guid":{"rendered":"https:\/\/anthropologie-jungklaus.de\/?page_id=1550"},"modified":"2021-01-09T14:33:14","modified_gmt":"2021-01-09T13:33:14","slug":"wolkenberg","status":"publish","type":"page","link":"https:\/\/anthropologie-jungklaus.de\/?page_id=1550","title":{"rendered":"Wolkenberg"},"content":{"rendered":"<p><div class=\"fusion-fullwidth fullwidth-box fusion-builder-row-1 fusion-flex-container nonhundred-percent-fullwidth non-hundred-percent-height-scrolling\" style=\"--awb-border-radius-top-left:0px;--awb-border-radius-top-right:0px;--awb-border-radius-bottom-right:0px;--awb-border-radius-bottom-left:0px;--awb-flex-wrap:wrap;\" ><div class=\"fusion-builder-row fusion-row fusion-flex-align-items-flex-start fusion-flex-content-wrap\" style=\"max-width:1248px;margin-left: calc(-4% \/ 2 );margin-right: calc(-4% \/ 2 );\"><div class=\"fusion-layout-column fusion_builder_column fusion-builder-column-0 fusion_builder_column_1_1 1_1 fusion-flex-column\" style=\"--awb-bg-size:cover;--awb-width-large:100%;--awb-margin-top-large:0px;--awb-spacing-right-large:1.92%;--awb-margin-bottom-large:20px;--awb-spacing-left-large:1.92%;--awb-width-medium:100%;--awb-order-medium:0;--awb-spacing-right-medium:1.92%;--awb-spacing-left-medium:1.92%;--awb-width-small:100%;--awb-order-small:0;--awb-spacing-right-small:1.92%;--awb-spacing-left-small:1.92%;\"><div class=\"fusion-column-wrapper fusion-column-has-shadow fusion-flex-justify-content-flex-start fusion-content-layout-column\"><div class=\"fusion-text fusion-text-1\"><p>Aus dem Innern der um 1442\/43 errichteten gotischen Saalkirche von Wolkenberg stammen 73 Gr\u00e4ber, die sicher ins Mittelalter zu datierenden sind. Sie sind den beiden Vorg\u00e4ngerbauten aus dem 13.\/14. Jahrhunderts zuzuordnen. Die Knochenerhaltung der Skelette ist durchg\u00e4ngig ziemlich schlecht. So weist der \u00fcberwiegende Teil der Gr\u00e4ber keine erhaltenen Knochen mehr auf. Von 40 Bestattungen sind Skelettelemente in relevantem Umfang erhalten, die im Rahmen des DFG-Projekts zu den mittelalterlichen D\u00f6rfern der Mark Brandenburg anthropologisch untersucht wurden. Dabei stehen die Ermittlung des Sterbealters, des Geschlechts und der K\u00f6rperh\u00f6he eines jeden Individuums im Vordergrund. Vorhandene Krankheiten werden ebenfalls erfasst. Die Individualdaten lassen sich zu Kollektivdaten verkn\u00fcpfen und geben Auskunft \u00fcber die untersuchte Bev\u00f6lkerung. Ziel ist es, ein m\u00f6glichst umfassendes Bild der Lebensbedingungen zu erhalten. Aufgrund des schlechten Erhaltungszustandes der Knochen war die Ermittlung der Individualdaten zum Teil erheblich erschwert.<\/p>\n<p>Insgesamt handelt es sich bei der Skelettserie von Wolkenberg lediglich um einen kleinen Ausschnitt der damaligen Bev\u00f6lkerung, der nicht als repr\u00e4sentativ angesehen werden kann. Die Altersstruktur entspricht weitgehend den Vorstellungen einer gewachsenen Population in vorindustriellen Zeiten. Die Geschlechterverteilung weist einen deutlichen M\u00e4nner\u00fcberschuss auf, der vermutlich auf den schlechteren Erhaltungszustand der Skelette weiblicher Individuen zur\u00fcck zu f\u00fchren ist. Die durchschnittliche K\u00f6rperh\u00f6he zeigt einen auff\u00e4llig gro\u00dfen Unterschied zwischen den Geschlechtern, der m\u00f6glicherweise auf eine schlechtere Versorgung der Frauen mit tierischem Protein hinweist. In die Krankheitsbelastung sind lediglich punktuelle Einblicke m\u00f6glich. Die Z\u00e4hne und Gebisse weisen zahlreiche Erkrankungsspuren auf. Degenerative Ver\u00e4nderungen an den Gelenken und Wirbeln sind selten nachzuweisen, was vermutlich an dem durchweg eher schlechten Erhaltungszustand der Knochen liegt.<\/p>\n<\/div><\/div><\/div><\/div><\/div><div class=\"fusion-fullwidth fullwidth-box fusion-builder-row-2 fusion-flex-container nonhundred-percent-fullwidth non-hundred-percent-height-scrolling\" style=\"--awb-border-radius-top-left:0px;--awb-border-radius-top-right:0px;--awb-border-radius-bottom-right:0px;--awb-border-radius-bottom-left:0px;--awb-flex-wrap:wrap;\" ><div class=\"fusion-builder-row fusion-row fusion-flex-align-items-flex-start fusion-flex-content-wrap\" style=\"max-width:1248px;margin-left: calc(-4% \/ 2 );margin-right: calc(-4% \/ 2 );\"><div class=\"fusion-layout-column fusion_builder_column fusion-builder-column-1 fusion_builder_column_1_4 1_4 fusion-flex-column\" style=\"--awb-bg-size:cover;--awb-width-large:25%;--awb-margin-top-large:0px;--awb-spacing-right-large:7.68%;--awb-margin-bottom-large:20px;--awb-spacing-left-large:7.68%;--awb-width-medium:25%;--awb-order-medium:0;--awb-spacing-right-medium:7.68%;--awb-spacing-left-medium:7.68%;--awb-width-small:100%;--awb-order-small:0;--awb-spacing-right-small:1.92%;--awb-spacing-left-small:1.92%;\"><div class=\"fusion-column-wrapper fusion-column-has-shadow fusion-flex-justify-content-flex-start fusion-content-layout-column\"><\/div><\/div><div class=\"fusion-layout-column fusion_builder_column fusion-builder-column-2 fusion_builder_column_1_4 1_4 fusion-flex-column\" style=\"--awb-bg-size:cover;--awb-width-large:25%;--awb-margin-top-large:0px;--awb-spacing-right-large:7.68%;--awb-margin-bottom-large:20px;--awb-spacing-left-large:7.68%;--awb-width-medium:25%;--awb-order-medium:0;--awb-spacing-right-medium:7.68%;--awb-spacing-left-medium:7.68%;--awb-width-small:100%;--awb-order-small:0;--awb-spacing-right-small:1.92%;--awb-spacing-left-small:1.92%;\"><div class=\"fusion-column-wrapper fusion-column-has-shadow fusion-flex-justify-content-flex-start fusion-content-layout-column\"><div class=\"fusion-image-element \" style=\"--awb-caption-title-font-family:var(--h2_typography-font-family);--awb-caption-title-font-weight:var(--h2_typography-font-weight);--awb-caption-title-font-style:var(--h2_typography-font-style);--awb-caption-title-size:var(--h2_typography-font-size);--awb-caption-title-transform:var(--h2_typography-text-transform);--awb-caption-title-line-height:var(--h2_typography-line-height);--awb-caption-title-letter-spacing:var(--h2_typography-letter-spacing);\"><span class=\" fusion-imageframe imageframe-none imageframe-1 hover-type-none\"><img decoding=\"async\" width=\"400\" height=\"300\" title=\"OLYMPUS DIGITAL CAMERA\" src=\"https:\/\/anthropologie-jungklaus.de\/wp-content\/uploads\/2021\/01\/22_01-400x300.jpg\" alt class=\"img-responsive wp-image-1279\" srcset=\"https:\/\/anthropologie-jungklaus.de\/wp-content\/uploads\/2021\/01\/22_01-200x150.jpg 200w, https:\/\/anthropologie-jungklaus.de\/wp-content\/uploads\/2021\/01\/22_01-400x300.jpg 400w, https:\/\/anthropologie-jungklaus.de\/wp-content\/uploads\/2021\/01\/22_01.jpg 463w\" sizes=\"(max-width: 640px) 100vw, 400px\" \/><\/span><\/div><div class=\"fusion-text fusion-text-2\"><p style=\"text-align: center;\">Linke Sch\u00e4delseite einer 25 bis 35 Jahre alten Frau mit einer unverheilten Hiebverletzung<\/p>\n<\/div><\/div><\/div><div class=\"fusion-layout-column fusion_builder_column fusion-builder-column-3 fusion_builder_column_1_4 1_4 fusion-flex-column\" style=\"--awb-bg-size:cover;--awb-width-large:25%;--awb-margin-top-large:0px;--awb-spacing-right-large:7.68%;--awb-margin-bottom-large:20px;--awb-spacing-left-large:7.68%;--awb-width-medium:25%;--awb-order-medium:0;--awb-spacing-right-medium:7.68%;--awb-spacing-left-medium:7.68%;--awb-width-small:100%;--awb-order-small:0;--awb-spacing-right-small:1.92%;--awb-spacing-left-small:1.92%;\"><div class=\"fusion-column-wrapper fusion-column-has-shadow fusion-flex-justify-content-flex-start fusion-content-layout-column\"><div class=\"fusion-image-element \" style=\"--awb-caption-title-font-family:var(--h2_typography-font-family);--awb-caption-title-font-weight:var(--h2_typography-font-weight);--awb-caption-title-font-style:var(--h2_typography-font-style);--awb-caption-title-size:var(--h2_typography-font-size);--awb-caption-title-transform:var(--h2_typography-text-transform);--awb-caption-title-line-height:var(--h2_typography-line-height);--awb-caption-title-letter-spacing:var(--h2_typography-letter-spacing);\"><span class=\" fusion-imageframe imageframe-none imageframe-2 hover-type-none\"><img decoding=\"async\" width=\"400\" height=\"300\" title=\"OLYMPUS DIGITAL CAMERA\" src=\"https:\/\/anthropologie-jungklaus.de\/wp-content\/uploads\/2021\/01\/22_02-400x300.jpg\" alt class=\"img-responsive wp-image-1280\" srcset=\"https:\/\/anthropologie-jungklaus.de\/wp-content\/uploads\/2021\/01\/22_02-200x150.jpg 200w, https:\/\/anthropologie-jungklaus.de\/wp-content\/uploads\/2021\/01\/22_02-400x300.jpg 400w, https:\/\/anthropologie-jungklaus.de\/wp-content\/uploads\/2021\/01\/22_02.jpg 463w\" sizes=\"(max-width: 640px) 100vw, 400px\" \/><\/span><\/div><div class=\"fusion-text fusion-text-3\"><p style=\"text-align: center;\">Schwere Arthrosis deformans am Caput femoris<\/p>\n<\/div><\/div><\/div><div class=\"fusion-layout-column fusion_builder_column fusion-builder-column-4 fusion_builder_column_1_4 1_4 fusion-flex-column\" style=\"--awb-bg-size:cover;--awb-width-large:25%;--awb-margin-top-large:0px;--awb-spacing-right-large:7.68%;--awb-margin-bottom-large:20px;--awb-spacing-left-large:7.68%;--awb-width-medium:25%;--awb-order-medium:0;--awb-spacing-right-medium:7.68%;--awb-spacing-left-medium:7.68%;--awb-width-small:100%;--awb-order-small:0;--awb-spacing-right-small:1.92%;--awb-spacing-left-small:1.92%;\"><div class=\"fusion-column-wrapper fusion-column-has-shadow fusion-flex-justify-content-flex-start fusion-content-layout-column\"><\/div><\/div><\/div><\/div><div class=\"fusion-fullwidth fullwidth-box fusion-builder-row-3 fusion-flex-container nonhundred-percent-fullwidth non-hundred-percent-height-scrolling\" style=\"--awb-border-radius-top-left:0px;--awb-border-radius-top-right:0px;--awb-border-radius-bottom-right:0px;--awb-border-radius-bottom-left:0px;--awb-flex-wrap:wrap;\" ><div class=\"fusion-builder-row fusion-row fusion-flex-align-items-flex-start fusion-flex-content-wrap\" style=\"max-width:1248px;margin-left: calc(-4% \/ 2 );margin-right: calc(-4% \/ 2 );\"><div class=\"fusion-layout-column fusion_builder_column fusion-builder-column-5 fusion_builder_column_1_1 1_1 fusion-flex-column\" style=\"--awb-bg-size:cover;--awb-width-large:100%;--awb-margin-top-large:0px;--awb-spacing-right-large:1.92%;--awb-margin-bottom-large:20px;--awb-spacing-left-large:1.92%;--awb-width-medium:100%;--awb-order-medium:0;--awb-spacing-right-medium:1.92%;--awb-spacing-left-medium:1.92%;--awb-width-small:100%;--awb-order-small:0;--awb-spacing-right-small:1.92%;--awb-spacing-left-small:1.92%;\"><div class=\"fusion-column-wrapper fusion-column-has-shadow fusion-flex-justify-content-flex-start fusion-content-layout-column\"><div class=\"fusion-text fusion-text-4\"><p><b>Jungklaus B (2011): <\/b>Wie lebten sie? Wie starben sie? Anthropologische Untersuchungen an Niederlausitzer Skeletten geben Antworten. Arch\u00e4ologie in Berlin und Brandenburg 2009, 114-117.<\/p>\n<p><b>Jungklaus B (2012): <\/b>Der mittelalterliche Friedhof. In: Spazier I, Agthe M, Heber S, Jungklaus B &amp; Schauer B (Autoren): Wolkenberg. Die arch\u00e4ologische Untersuchung in der Ortslage von Wolkenberg\/Niederlausitz. Arbeitsberichte zur Bodendenkmalpflege in Brandenburg 22. W\u00fcnsdorf, 118-123.<\/p>\n<p><b>Henker J &amp; Jungklaus B (2013):<\/b> Dorfentstehung und Dorfbev\u00f6lkerungen \u2013 Fallbeispiele aus der Niederlausitz. Heimann H-D, Neitmann K &amp; Tresp U (Hsg.): Die Nieder- und Oberlausitz: Konturen einer mittelalterlichen Integrationslandschaft, Bd. 1 Mittelalter. Lukas Verlag, Berlin, 293-313.<\/p>\n<\/div><\/div><\/div><\/div><\/div><\/p>\n","protected":false},"excerpt":{"rendered":"","protected":false},"author":1,"featured_media":0,"parent":1224,"menu_order":0,"comment_status":"closed","ping_status":"closed","template":"","meta":{"footnotes":""},"_links":{"self":[{"href":"https:\/\/anthropologie-jungklaus.de\/index.php?rest_route=\/wp\/v2\/pages\/1550"}],"collection":[{"href":"https:\/\/anthropologie-jungklaus.de\/index.php?rest_route=\/wp\/v2\/pages"}],"about":[{"href":"https:\/\/anthropologie-jungklaus.de\/index.php?rest_route=\/wp\/v2\/types\/page"}],"author":[{"embeddable":true,"href":"https:\/\/anthropologie-jungklaus.de\/index.php?rest_route=\/wp\/v2\/users\/1"}],"replies":[{"embeddable":true,"href":"https:\/\/anthropologie-jungklaus.de\/index.php?rest_route=%2Fwp%2Fv2%2Fcomments&post=1550"}],"version-history":[{"count":2,"href":"https:\/\/anthropologie-jungklaus.de\/index.php?rest_route=\/wp\/v2\/pages\/1550\/revisions"}],"predecessor-version":[{"id":1552,"href":"https:\/\/anthropologie-jungklaus.de\/index.php?rest_route=\/wp\/v2\/pages\/1550\/revisions\/1552"}],"up":[{"embeddable":true,"href":"https:\/\/anthropologie-jungklaus.de\/index.php?rest_route=\/wp\/v2\/pages\/1224"}],"wp:attachment":[{"href":"https:\/\/anthropologie-jungklaus.de\/index.php?rest_route=%2Fwp%2Fv2%2Fmedia&parent=1550"}],"curies":[{"name":"wp","href":"https:\/\/api.w.org\/{rel}","templated":true}]}}

<p><div class="fusion-fullwidth fullwidth-box fusion-builder-row-1 fusion-flex-container nonhundred-percent-fullwidth non-hundred-percent-height-scrolling" style="--awb-border-radius-top-left:0px;--awb-border-radius-top-right:0px;--awb-border-radius-bottom-right:0px;--awb-border-radius-bottom-left:0px;--awb-flex-wrap:wrap;" ><div class="fusion-builder-row fusion-row fusion-flex-align-items-flex-start fusion-flex-content-wrap" style="max-width:1248px;margin-left: calc(-4% / 2 );margin-right: calc(-4% / 2 );"><div class="fusion-layout-column fusion_builder_column fusion-builder-column-0 fusion_builder_column_1_1 1_1 fusion-flex-column" style="--awb-bg-size:cover;--awb-width-large:100%;--awb-margin-top-large:0px;--awb-spacing-right-large:1.92%;--awb-margin-bottom-large:20px;--awb-spacing-left-large:1.92%;--awb-width-medium:100%;--awb-order-medium:0;--awb-spacing-right-medium:1.92%;--awb-spacing-left-medium:1.92%;--awb-width-small:100%;--awb-order-small:0;--awb-spacing-right-small:1.92%;--awb-spacing-left-small:1.92%;"><div class="fusion-column-wrapper fusion-column-has-shadow fusion-flex-justify-content-flex-start fusion-content-layout-column"><div class="fusion-text fusion-text-1"><p>Aus dem Innern der um 1442/43 errichteten gotischen Saalkirche von Wolkenberg stammen 73 Gräber, die sicher ins Mittelalter zu datierenden sind. Sie sind den beiden Vorgängerbauten aus dem 13./14. Jahrhunderts zuzuordnen. Die Knochenerhaltung der Skelette ist durchgängig ziemlich schlecht. So weist der überwiegende Teil der Gräber keine erhaltenen Knochen mehr auf. Von 40 Bestattungen sind Skelettelemente in relevantem Umfang erhalten, die im Rahmen des DFG-Projekts zu den mittelalterlichen Dörfern der Mark Brandenburg anthropologisch untersucht wurden. Dabei stehen die Ermittlung des Sterbealters, des Geschlechts und der Körperhöhe eines jeden Individuums im Vordergrund. Vorhandene Krankheiten werden ebenfalls erfasst. Die Individualdaten lassen sich zu Kollektivdaten verknüpfen und geben Auskunft über die untersuchte Bevölkerung. Ziel ist es, ein möglichst umfassendes Bild der Lebensbedingungen zu erhalten. Aufgrund des schlechten Erhaltungszustandes der Knochen war die Ermittlung der Individualdaten zum Teil erheblich erschwert.</p>
<p>Insgesamt handelt es sich bei der Skelettserie von Wolkenberg lediglich um einen kleinen Ausschnitt der damaligen Bevölkerung, der nicht als repräsentativ angesehen werden kann. Die Altersstruktur entspricht weitgehend den Vorstellungen einer gewachsenen Population in vorindustriellen Zeiten. Die Geschlechterverteilung weist einen deutlichen Männerüberschuss auf, der vermutlich auf den schlechteren Erhaltungszustand der Skelette weiblicher Individuen zurück zu führen ist. Die durchschnittliche Körperhöhe zeigt einen auffällig großen Unterschied zwischen den Geschlechtern, der möglicherweise auf eine schlechtere Versorgung der Frauen mit tierischem Protein hinweist. In die Krankheitsbelastung sind lediglich punktuelle Einblicke möglich. Die Zähne und Gebisse weisen zahlreiche Erkrankungsspuren auf. Degenerative Veränderungen an den Gelenken und Wirbeln sind selten nachzuweisen, was vermutlich an dem durchweg eher schlechten Erhaltungszustand der Knochen liegt.</p>
</div></div></div></div></div><div class="fusion-fullwidth fullwidth-box fusion-builder-row-2 fusion-flex-container nonhundred-percent-fullwidth non-hundred-percent-height-scrolling" style="--awb-border-radius-top-left:0px;--awb-border-radius-top-right:0px;--awb-border-radius-bottom-right:0px;--awb-border-radius-bottom-left:0px;--awb-flex-wrap:wrap;" ><div class="fusion-builder-row fusion-row fusion-flex-align-items-flex-start fusion-flex-content-wrap" style="max-width:1248px;margin-left: calc(-4% / 2 );margin-right: calc(-4% / 2 );"><div class="fusion-layout-column fusion_builder_column fusion-builder-column-1 fusion_builder_column_1_4 1_4 fusion-flex-column" style="--awb-bg-size:cover;--awb-width-large:25%;--awb-margin-top-large:0px;--awb-spacing-right-large:7.68%;--awb-margin-bottom-large:20px;--awb-spacing-left-large:7.68%;--awb-width-medium:25%;--awb-order-medium:0;--awb-spacing-right-medium:7.68%;--awb-spacing-left-medium:7.68%;--awb-width-small:100%;--awb-order-small:0;--awb-spacing-right-small:1.92%;--awb-spacing-left-small:1.92%;"><div class="fusion-column-wrapper fusion-column-has-shadow fusion-flex-justify-content-flex-start fusion-content-layout-column"></div></div><div class="fusion-layout-column fusion_builder_column fusion-builder-column-2 fusion_builder_column_1_4 1_4 fusion-flex-column" style="--awb-bg-size:cover;--awb-width-large:25%;--awb-margin-top-large:0px;--awb-spacing-right-large:7.68%;--awb-margin-bottom-large:20px;--awb-spacing-left-large:7.68%;--awb-width-medium:25%;--awb-order-medium:0;--awb-spacing-right-medium:7.68%;--awb-spacing-left-medium:7.68%;--awb-width-small:100%;--awb-order-small:0;--awb-spacing-right-small:1.92%;--awb-spacing-left-small:1.92%;"><div class="fusion-column-wrapper fusion-column-has-shadow fusion-flex-justify-content-flex-start fusion-content-layout-column"><div class="fusion-image-element " style="--awb-caption-title-font-family:var(--h2_typography-font-family);--awb-caption-title-font-weight:var(--h2_typography-font-weight);--awb-caption-title-font-style:var(--h2_typography-font-style);--awb-caption-title-size:var(--h2_typography-font-size);--awb-caption-title-transform:var(--h2_typography-text-transform);--awb-caption-title-line-height:var(--h2_typography-line-height);--awb-caption-title-letter-spacing:var(--h2_typography-letter-spacing);"><span class=" fusion-imageframe imageframe-none imageframe-1 hover-type-none"><img decoding="async" width="400" height="300" title="OLYMPUS DIGITAL CAMERA" src="https://anthropologie-jungklaus.de/wp-content/uploads/2021/01/22_01-400x300.jpg" alt class="img-responsive wp-image-1279" srcset="https://anthropologie-jungklaus.de/wp-content/uploads/2021/01/22_01-200x150.jpg 200w, https://anthropologie-jungklaus.de/wp-content/uploads/2021/01/22_01-400x300.jpg 400w, https://anthropologie-jungklaus.de/wp-content/uploads/2021/01/22_01.jpg 463w" sizes="(max-width: 640px) 100vw, 400px" /></span></div><div class="fusion-text fusion-text-2"><p style="text-align: center;">Linke Schädelseite einer 25 bis 35 Jahre alten Frau mit einer unverheilten Hiebverletzung</p>
</div></div></div><div class="fusion-layout-column fusion_builder_column fusion-builder-column-3 fusion_builder_column_1_4 1_4 fusion-flex-column" style="--awb-bg-size:cover;--awb-width-large:25%;--awb-margin-top-large:0px;--awb-spacing-right-large:7.68%;--awb-margin-bottom-large:20px;--awb-spacing-left-large:7.68%;--awb-width-medium:25%;--awb-order-medium:0;--awb-spacing-right-medium:7.68%;--awb-spacing-left-medium:7.68%;--awb-width-small:100%;--awb-order-small:0;--awb-spacing-right-small:1.92%;--awb-spacing-left-small:1.92%;"><div class="fusion-column-wrapper fusion-column-has-shadow fusion-flex-justify-content-flex-start fusion-content-layout-column"><div class="fusion-image-element " style="--awb-caption-title-font-family:var(--h2_typography-font-family);--awb-caption-title-font-weight:var(--h2_typography-font-weight);--awb-caption-title-font-style:var(--h2_typography-font-style);--awb-caption-title-size:var(--h2_typography-font-size);--awb-caption-title-transform:var(--h2_typography-text-transform);--awb-caption-title-line-height:var(--h2_typography-line-height);--awb-caption-title-letter-spacing:var(--h2_typography-letter-spacing);"><span class=" fusion-imageframe imageframe-none imageframe-2 hover-type-none"><img decoding="async" width="400" height="300" title="OLYMPUS DIGITAL CAMERA" src="https://anthropologie-jungklaus.de/wp-content/uploads/2021/01/22_02-400x300.jpg" alt class="img-responsive wp-image-1280" srcset="https://anthropologie-jungklaus.de/wp-content/uploads/2021/01/22_02-200x150.jpg 200w, https://anthropologie-jungklaus.de/wp-content/uploads/2021/01/22_02-400x300.jpg 400w, https://anthropologie-jungklaus.de/wp-content/uploads/2021/01/22_02.jpg 463w" sizes="(max-width: 640px) 100vw, 400px" /></span></div><div class="fusion-text fusion-text-3"><p style="text-align: center;">Schwere Arthrosis deformans am Caput femoris</p>
</div></div></div><div class="fusion-layout-column fusion_builder_column fusion-builder-column-4 fusion_builder_column_1_4 1_4 fusion-flex-column" style="--awb-bg-size:cover;--awb-width-large:25%;--awb-margin-top-large:0px;--awb-spacing-right-large:7.68%;--awb-margin-bottom-large:20px;--awb-spacing-left-large:7.68%;--awb-width-medium:25%;--awb-order-medium:0;--awb-spacing-right-medium:7.68%;--awb-spacing-left-medium:7.68%;--awb-width-small:100%;--awb-order-small:0;--awb-spacing-right-small:1.92%;--awb-spacing-left-small:1.92%;"><div class="fusion-column-wrapper fusion-column-has-shadow fusion-flex-justify-content-flex-start fusion-content-layout-column"></div></div></div></div><div class="fusion-fullwidth fullwidth-box fusion-builder-row-3 fusion-flex-container nonhundred-percent-fullwidth non-hundred-percent-height-scrolling" style="--awb-border-radius-top-left:0px;--awb-border-radius-top-right:0px;--awb-border-radius-bottom-right:0px;--awb-border-radius-bottom-left:0px;--awb-flex-wrap:wrap;" ><div class="fusion-builder-row fusion-row fusion-flex-align-items-flex-start fusion-flex-content-wrap" style="max-width:1248px;margin-left: calc(-4% / 2 );margin-right: calc(-4% / 2 );"><div class="fusion-layout-column fusion_builder_column fusion-builder-column-5 fusion_builder_column_1_1 1_1 fusion-flex-column" style="--awb-bg-size:cover;--awb-width-large:100%;--awb-margin-top-large:0px;--awb-spacing-right-large:1.92%;--awb-margin-bottom-large:20px;--awb-spacing-left-large:1.92%;--awb-width-medium:100%;--awb-order-medium:0;--awb-spacing-right-medium:1.92%;--awb-spacing-left-medium:1.92%;--awb-width-small:100%;--awb-order-small:0;--awb-spacing-right-small:1.92%;--awb-spacing-left-small:1.92%;"><div class="fusion-column-wrapper fusion-column-has-shadow fusion-flex-justify-content-flex-start fusion-content-layout-column"><div class="fusion-text fusion-text-4"><p><b>Jungklaus B (2011): </b>Wie lebten sie? Wie starben sie? Anthropologische Untersuchungen an Niederlausitzer Skeletten geben Antworten. Archäologie in Berlin und Brandenburg 2009, 114-117.</p>
<p><b>Jungklaus B (2012): </b>Der mittelalterliche Friedhof. In: Spazier I, Agthe M, Heber S, Jungklaus B &amp; Schauer B (Autoren): Wolkenberg. Die archäologische Untersuchung in der Ortslage von Wolkenberg/Niederlausitz. Arbeitsberichte zur Bodendenkmalpflege in Brandenburg 22. Wünsdorf, 118-123.</p>
<p><b>Henker J &amp; Jungklaus B (2013):</b> Dorfentstehung und Dorfbevölkerungen – Fallbeispiele aus der Niederlausitz. Heimann H-D, Neitmann K &amp; Tresp U (Hsg.): Die Nieder- und Oberlausitz: Konturen einer mittelalterlichen Integrationslandschaft, Bd. 1 Mittelalter. Lukas Verlag, Berlin, 293-313.</p>
</div></div></div></div></div></p>
