{"id":1522,"date":"2021-01-09T13:58:58","date_gmt":"2021-01-09T12:58:58","guid":{"rendered":"https:\/\/anthropologie-jungklaus.de\/?page_id=1522"},"modified":"2021-01-09T14:01:45","modified_gmt":"2021-01-09T13:01:45","slug":"stralsund-massengrab-von-1715","status":"publish","type":"page","link":"https:\/\/anthropologie-jungklaus.de\/?page_id=1522","title":{"rendered":"Stralsund, Massengrab von 1715"},"content":{"rendered":"<p><div class=\"fusion-fullwidth fullwidth-box fusion-builder-row-1 fusion-flex-container nonhundred-percent-fullwidth non-hundred-percent-height-scrolling\" style=\"--awb-border-radius-top-left:0px;--awb-border-radius-top-right:0px;--awb-border-radius-bottom-right:0px;--awb-border-radius-bottom-left:0px;--awb-flex-wrap:wrap;\" ><div class=\"fusion-builder-row fusion-row fusion-flex-align-items-flex-start fusion-flex-content-wrap\" style=\"max-width:1248px;margin-left: calc(-4% \/ 2 );margin-right: calc(-4% \/ 2 );\"><div class=\"fusion-layout-column fusion_builder_column fusion-builder-column-0 fusion_builder_column_1_1 1_1 fusion-flex-column\" style=\"--awb-bg-size:cover;--awb-width-large:100%;--awb-margin-top-large:0px;--awb-spacing-right-large:1.92%;--awb-margin-bottom-large:20px;--awb-spacing-left-large:1.92%;--awb-width-medium:100%;--awb-order-medium:0;--awb-spacing-right-medium:1.92%;--awb-spacing-left-medium:1.92%;--awb-width-small:100%;--awb-order-small:0;--awb-spacing-right-small:1.92%;--awb-spacing-left-small:1.92%;\"><div class=\"fusion-column-wrapper fusion-column-has-shadow fusion-flex-justify-content-flex-start fusion-content-layout-column\"><div class=\"fusion-text fusion-text-1\"><p>Ende 2009 fand auf dem Gel\u00e4nde vor dem ehemaligen Frankentor s\u00fcd\u00f6stlich der Stralsunder Altstadt eine baubegleitende arch\u00e4ologische Voruntersuchung statt. Dieses Areal war seit dem 17. Jahrhundert von massiven Festungsanlagen gepr\u00e4gt und mehrfach Ziel von feindlichen Angriffen. Auf einem ehemaligen Gel\u00e4ndefu\u00dfboden wurde ein durch die Abbruchma\u00dfnahmen zum Teil gest\u00f6rtes Massengrab entdeckt, das mit der Belagerung von 1715 in Zusammenhang gebracht wurde. Das Grab war teilweise gest\u00f6rt, weshalb keine vollst\u00e4ndigen Skelette vorlagen. An den Individuen wurde eine anthropologische und pal\u00e4opathologische Untersuchung durchgef\u00fchrt, die aufschlussreiche Ergebnisse \u00fcber das Leben der Soldaten erbrachte und R\u00fcckschl\u00fcsse auf das Sterben der M\u00e4nner erm\u00f6glichte.<\/p>\n<p>25 m\u00e4nnliche Individuen wurden dort in mehreren Lagen und teilweise in Bauchlage bestattet. Das Durchschnittsalter betrug 33 Jahre. Ein betr\u00e4chtlicher Anteil der M\u00e4nner hatte ein Alter von \u00fcber 40 Jahren erreicht und keines der Individuen war noch im jugendlichen Alter. Damit unterscheidet sich die Alterszusammensetzung signifikant von der bisher bekannter Massengr\u00e4ber aus dem Drei\u00dfigj\u00e4hrigen Krieg. Die durchschnittliche K\u00f6rperh\u00f6he betrug 169 cm.<\/p>\n<p>Die Krankheitsbelastung war auffallend gering. Erkrankungen die mit schlechten Lebensbedingungen in Verbindung zu bringen sind, wie Stomatitis, Sinusitis maxillaris oder Cribra cranii kamen kaum vor. Anhand der Zahnbefunde kann eine \u00fcberwiegend proteinreiche Ern\u00e4hrung rekonstruiert werden. Auff\u00e4llig waren die zahlreichen Tr\u00fcmmerfrakturen an den Extremit\u00e4tenknochen, die auf Opfer eines Kampfes mit schwerer Artillerie hinweisen. Verletzungen aus einem Nahkampf konnten nur in einem Fall nachgewiesen werden. Es handelt sich vermutlich um Angeh\u00f6rige der Verb\u00fcndeten Truppen, die beim Angriff auf das Hornwerk gefallen sind.<\/p>\n<\/div><\/div><\/div><\/div><\/div><div class=\"fusion-fullwidth fullwidth-box fusion-builder-row-2 fusion-flex-container nonhundred-percent-fullwidth non-hundred-percent-height-scrolling\" style=\"--awb-border-radius-top-left:0px;--awb-border-radius-top-right:0px;--awb-border-radius-bottom-right:0px;--awb-border-radius-bottom-left:0px;--awb-flex-wrap:wrap;\" ><div class=\"fusion-builder-row fusion-row fusion-flex-align-items-flex-start fusion-flex-content-wrap\" style=\"max-width:1248px;margin-left: calc(-4% \/ 2 );margin-right: calc(-4% \/ 2 );\"><div class=\"fusion-layout-column fusion_builder_column fusion-builder-column-1 fusion_builder_column_1_4 1_4 fusion-flex-column\" style=\"--awb-bg-size:cover;--awb-width-large:25%;--awb-margin-top-large:0px;--awb-spacing-right-large:7.68%;--awb-margin-bottom-large:20px;--awb-spacing-left-large:7.68%;--awb-width-medium:25%;--awb-order-medium:0;--awb-spacing-right-medium:7.68%;--awb-spacing-left-medium:7.68%;--awb-width-small:100%;--awb-order-small:0;--awb-spacing-right-small:1.92%;--awb-spacing-left-small:1.92%;\"><div class=\"fusion-column-wrapper fusion-column-has-shadow fusion-flex-justify-content-flex-start fusion-content-layout-column\"><\/div><\/div><div class=\"fusion-layout-column fusion_builder_column fusion-builder-column-2 fusion_builder_column_1_4 1_4 fusion-flex-column\" style=\"--awb-bg-size:cover;--awb-width-large:25%;--awb-margin-top-large:0px;--awb-spacing-right-large:7.68%;--awb-margin-bottom-large:20px;--awb-spacing-left-large:7.68%;--awb-width-medium:25%;--awb-order-medium:0;--awb-spacing-right-medium:7.68%;--awb-spacing-left-medium:7.68%;--awb-width-small:100%;--awb-order-small:0;--awb-spacing-right-small:1.92%;--awb-spacing-left-small:1.92%;\"><div class=\"fusion-column-wrapper fusion-column-has-shadow fusion-flex-justify-content-flex-start fusion-content-layout-column\"><div class=\"fusion-image-element \" style=\"--awb-caption-title-font-family:var(--h2_typography-font-family);--awb-caption-title-font-weight:var(--h2_typography-font-weight);--awb-caption-title-font-style:var(--h2_typography-font-style);--awb-caption-title-size:var(--h2_typography-font-size);--awb-caption-title-transform:var(--h2_typography-text-transform);--awb-caption-title-line-height:var(--h2_typography-line-height);--awb-caption-title-letter-spacing:var(--h2_typography-letter-spacing);\"><span class=\" fusion-imageframe imageframe-none imageframe-1 hover-type-none\"><img decoding=\"async\" width=\"312\" height=\"499\" title=\"OLYMPUS DIGITAL CAMERA\" src=\"https:\/\/anthropologie-jungklaus.de\/wp-content\/uploads\/2021\/01\/38_01.jpg\" alt class=\"img-responsive wp-image-1305\" srcset=\"https:\/\/anthropologie-jungklaus.de\/wp-content\/uploads\/2021\/01\/38_01-200x320.jpg 200w, https:\/\/anthropologie-jungklaus.de\/wp-content\/uploads\/2021\/01\/38_01.jpg 312w\" sizes=\"(max-width: 640px) 100vw, 312px\" \/><\/span><\/div><div class=\"fusion-text fusion-text-2\"><p style=\"text-align: center;\">Tr\u00fcmmerfraktur am oberen Drittel des linken Humerus<\/p>\n<\/div><\/div><\/div><div class=\"fusion-layout-column fusion_builder_column fusion-builder-column-3 fusion_builder_column_1_4 1_4 fusion-flex-column\" style=\"--awb-bg-size:cover;--awb-width-large:25%;--awb-margin-top-large:0px;--awb-spacing-right-large:7.68%;--awb-margin-bottom-large:20px;--awb-spacing-left-large:7.68%;--awb-width-medium:25%;--awb-order-medium:0;--awb-spacing-right-medium:7.68%;--awb-spacing-left-medium:7.68%;--awb-width-small:100%;--awb-order-small:0;--awb-spacing-right-small:1.92%;--awb-spacing-left-small:1.92%;\"><div class=\"fusion-column-wrapper fusion-column-has-shadow fusion-flex-justify-content-flex-start fusion-content-layout-column\"><div class=\"fusion-image-element \" style=\"text-align:center;--awb-caption-title-font-family:var(--h2_typography-font-family);--awb-caption-title-font-weight:var(--h2_typography-font-weight);--awb-caption-title-font-style:var(--h2_typography-font-style);--awb-caption-title-size:var(--h2_typography-font-size);--awb-caption-title-transform:var(--h2_typography-text-transform);--awb-caption-title-line-height:var(--h2_typography-line-height);--awb-caption-title-letter-spacing:var(--h2_typography-letter-spacing);\"><span class=\" fusion-imageframe imageframe-none imageframe-2 hover-type-none\"><img decoding=\"async\" width=\"187\" height=\"499\" title=\"38_02\" src=\"https:\/\/anthropologie-jungklaus.de\/wp-content\/uploads\/2021\/01\/38_02.jpg\" alt class=\"img-responsive wp-image-1306\" srcset=\"https:\/\/anthropologie-jungklaus.de\/wp-content\/uploads\/2021\/01\/38_02-112x300.jpg 112w, https:\/\/anthropologie-jungklaus.de\/wp-content\/uploads\/2021\/01\/38_02.jpg 187w\" sizes=\"(max-width: 187px) 100vw, 187px\" \/><\/span><\/div><div class=\"fusion-text fusion-text-3\"><p style=\"text-align: center;\"><span style=\"background-color: rgba(255, 255, 255, 0); color: var(--body_typography-color); font-family: var(--body_typography-font-family); font-size: var(--body_typography-font-size); font-style: var(--body_typography-font-style,normal); font-weight: var(--body_typography-font-weight); letter-spacing: var(--body_typography-letter-spacing);\">Verletzungsmuster Tr\u00fcmmerfrakturen (blaue Markierungen), Schussverletzung (rote Markierung) und Stichverletzung (gr\u00fcne Markierung)<\/span><\/p>\n<\/div><\/div><\/div><div class=\"fusion-layout-column fusion_builder_column fusion-builder-column-4 fusion_builder_column_1_4 1_4 fusion-flex-column\" style=\"--awb-bg-size:cover;--awb-width-large:25%;--awb-margin-top-large:0px;--awb-spacing-right-large:7.68%;--awb-margin-bottom-large:20px;--awb-spacing-left-large:7.68%;--awb-width-medium:25%;--awb-order-medium:0;--awb-spacing-right-medium:7.68%;--awb-spacing-left-medium:7.68%;--awb-width-small:100%;--awb-order-small:0;--awb-spacing-right-small:1.92%;--awb-spacing-left-small:1.92%;\"><div class=\"fusion-column-wrapper fusion-column-has-shadow fusion-flex-justify-content-flex-start fusion-content-layout-column\"><\/div><\/div><\/div><\/div><\/p>\n","protected":false},"excerpt":{"rendered":"","protected":false},"author":1,"featured_media":0,"parent":1224,"menu_order":0,"comment_status":"closed","ping_status":"closed","template":"","meta":{"footnotes":""},"_links":{"self":[{"href":"https:\/\/anthropologie-jungklaus.de\/index.php?rest_route=\/wp\/v2\/pages\/1522"}],"collection":[{"href":"https:\/\/anthropologie-jungklaus.de\/index.php?rest_route=\/wp\/v2\/pages"}],"about":[{"href":"https:\/\/anthropologie-jungklaus.de\/index.php?rest_route=\/wp\/v2\/types\/page"}],"author":[{"embeddable":true,"href":"https:\/\/anthropologie-jungklaus.de\/index.php?rest_route=\/wp\/v2\/users\/1"}],"replies":[{"embeddable":true,"href":"https:\/\/anthropologie-jungklaus.de\/index.php?rest_route=%2Fwp%2Fv2%2Fcomments&post=1522"}],"version-history":[{"count":2,"href":"https:\/\/anthropologie-jungklaus.de\/index.php?rest_route=\/wp\/v2\/pages\/1522\/revisions"}],"predecessor-version":[{"id":1524,"href":"https:\/\/anthropologie-jungklaus.de\/index.php?rest_route=\/wp\/v2\/pages\/1522\/revisions\/1524"}],"up":[{"embeddable":true,"href":"https:\/\/anthropologie-jungklaus.de\/index.php?rest_route=\/wp\/v2\/pages\/1224"}],"wp:attachment":[{"href":"https:\/\/anthropologie-jungklaus.de\/index.php?rest_route=%2Fwp%2Fv2%2Fmedia&parent=1522"}],"curies":[{"name":"wp","href":"https:\/\/api.w.org\/{rel}","templated":true}]}}