{"id":1496,"date":"2021-01-09T13:30:28","date_gmt":"2021-01-09T12:30:28","guid":{"rendered":"https:\/\/anthropologie-jungklaus.de\/?page_id=1496"},"modified":"2021-01-09T13:32:01","modified_gmt":"2021-01-09T12:32:01","slug":"rieben","status":"publish","type":"page","link":"https:\/\/anthropologie-jungklaus.de\/?page_id=1496","title":{"rendered":"Rieben"},"content":{"rendered":"<p><div class=\"fusion-fullwidth fullwidth-box fusion-builder-row-1 fusion-flex-container nonhundred-percent-fullwidth non-hundred-percent-height-scrolling\" style=\"--awb-border-radius-top-left:0px;--awb-border-radius-top-right:0px;--awb-border-radius-bottom-right:0px;--awb-border-radius-bottom-left:0px;--awb-flex-wrap:wrap;\" ><div class=\"fusion-builder-row fusion-row fusion-flex-align-items-flex-start fusion-flex-content-wrap\" style=\"max-width:1248px;margin-left: calc(-4% \/ 2 );margin-right: calc(-4% \/ 2 );\"><div class=\"fusion-layout-column fusion_builder_column fusion-builder-column-0 fusion_builder_column_1_1 1_1 fusion-flex-column\" style=\"--awb-bg-size:cover;--awb-width-large:100%;--awb-margin-top-large:0px;--awb-spacing-right-large:1.92%;--awb-margin-bottom-large:20px;--awb-spacing-left-large:1.92%;--awb-width-medium:100%;--awb-order-medium:0;--awb-spacing-right-medium:1.92%;--awb-spacing-left-medium:1.92%;--awb-width-small:100%;--awb-order-small:0;--awb-spacing-right-small:1.92%;--awb-spacing-left-small:1.92%;\"><div class=\"fusion-column-wrapper fusion-column-has-shadow fusion-flex-justify-content-flex-start fusion-content-layout-column\"><div class=\"fusion-text fusion-text-1\"><p>Im Herbst 2011 wurden s\u00fcdlich der Dorfkirche von Rieben (Lkr. Potsdam-Mittelmark) 49 Skelette geborgen, die \u00fcberwiegend aus der fr\u00fchen Neuzeit stammten. An den bestatteten Individuen konnten aus Kostengr\u00fcnden nur eingeschr\u00e4nkte anthropologische Untersuchungen durchgef\u00fchrt werden, die lediglich erste Einblicke in die Lebensumst\u00e4nde der Verstorbenen erm\u00f6glichten. Die osteologische Befundung wurde mit den g\u00e4ngigen Methoden durchgef\u00fchrt, wobei Sterbealter, Geschlecht und K\u00f6rperh\u00f6he bestimmt sowie auff\u00e4llige Erkrankungen dokumentiert wurden. Es konnten 33 erwachsene und sieben jugendliche Individuen sowie neun Kinder festgestellt werden, wovon 19 weiblichen und 15 m\u00e4nnlichen Geschlechts waren. Bei 15 Skeletten lie\u00df sich das Geschlecht nicht feststellen. Die K\u00f6rperh\u00f6he betrug im Durchschnitt 160,9 cm. Es handelt sich um einen zuf\u00e4lligen, nicht repr\u00e4sentativen Ausschnitt der Population von Rieben.<\/p>\n<p>Die Z\u00e4hne und Gebisse waren durchweg in sehr schlechtem Zustand. Die Kariesbelastung ist mit einer Kariesfrequenz von 77,3 % und einer Kariesintensit\u00e4t von 10 % vergleichsweise hoch. An den Skeletten lie\u00dfen sich zahlreiche Erkrankungen nachweisen, die jedoch nicht systematisch aufgenommen werden konnten und lediglich als Einzelf\u00e4lle vorgestellt sind. Es handelt sich um altersbedingte Degenerationen an den Gelenken und Wirbeln, Hinweise auf Mangelern\u00e4hrung, Infektionen der oberen Atemwege und verheilte Frakturen.<\/p>\n<\/div><\/div><\/div><\/div><\/div><div class=\"fusion-fullwidth fullwidth-box fusion-builder-row-2 fusion-flex-container nonhundred-percent-fullwidth non-hundred-percent-height-scrolling\" style=\"--awb-border-radius-top-left:0px;--awb-border-radius-top-right:0px;--awb-border-radius-bottom-right:0px;--awb-border-radius-bottom-left:0px;--awb-flex-wrap:wrap;\" ><div class=\"fusion-builder-row fusion-row fusion-flex-align-items-flex-start fusion-flex-content-wrap\" style=\"max-width:1248px;margin-left: calc(-4% \/ 2 );margin-right: calc(-4% \/ 2 );\"><div class=\"fusion-layout-column fusion_builder_column fusion-builder-column-1 fusion_builder_column_1_4 1_4 fusion-flex-column\" style=\"--awb-bg-size:cover;--awb-width-large:25%;--awb-margin-top-large:0px;--awb-spacing-right-large:7.68%;--awb-margin-bottom-large:20px;--awb-spacing-left-large:7.68%;--awb-width-medium:25%;--awb-order-medium:0;--awb-spacing-right-medium:7.68%;--awb-spacing-left-medium:7.68%;--awb-width-small:100%;--awb-order-small:0;--awb-spacing-right-small:1.92%;--awb-spacing-left-small:1.92%;\"><div class=\"fusion-column-wrapper fusion-column-has-shadow fusion-flex-justify-content-flex-start fusion-content-layout-column\"><\/div><\/div><div class=\"fusion-layout-column fusion_builder_column fusion-builder-column-2 fusion_builder_column_1_4 1_4 fusion-flex-column\" style=\"--awb-bg-size:cover;--awb-width-large:25%;--awb-margin-top-large:0px;--awb-spacing-right-large:7.68%;--awb-margin-bottom-large:20px;--awb-spacing-left-large:7.68%;--awb-width-medium:25%;--awb-order-medium:0;--awb-spacing-right-medium:7.68%;--awb-spacing-left-medium:7.68%;--awb-width-small:100%;--awb-order-small:0;--awb-spacing-right-small:1.92%;--awb-spacing-left-small:1.92%;\"><div class=\"fusion-column-wrapper fusion-column-has-shadow fusion-flex-justify-content-flex-start fusion-content-layout-column\"><div class=\"fusion-image-element \" style=\"--awb-caption-title-font-family:var(--h2_typography-font-family);--awb-caption-title-font-weight:var(--h2_typography-font-weight);--awb-caption-title-font-style:var(--h2_typography-font-style);--awb-caption-title-size:var(--h2_typography-font-size);--awb-caption-title-transform:var(--h2_typography-text-transform);--awb-caption-title-line-height:var(--h2_typography-line-height);--awb-caption-title-letter-spacing:var(--h2_typography-letter-spacing);\"><span class=\" fusion-imageframe imageframe-none imageframe-1 hover-type-none\"><img decoding=\"async\" width=\"400\" height=\"315\" title=\"48_01\" src=\"https:\/\/anthropologie-jungklaus.de\/wp-content\/uploads\/2021\/01\/48_01-400x315.jpg\" alt class=\"img-responsive wp-image-1315\" srcset=\"https:\/\/anthropologie-jungklaus.de\/wp-content\/uploads\/2021\/01\/48_01-200x157.jpg 200w, https:\/\/anthropologie-jungklaus.de\/wp-content\/uploads\/2021\/01\/48_01-400x315.jpg 400w, https:\/\/anthropologie-jungklaus.de\/wp-content\/uploads\/2021\/01\/48_01.jpg 450w\" sizes=\"(max-width: 640px) 100vw, 400px\" \/><\/span><\/div><div class=\"fusion-text fusion-text-2\"><p style=\"text-align: center;\">Starker Abbau des Kieferknochens bei einem 45-51 Jahre alten Mann<\/p>\n<\/div><\/div><\/div><div class=\"fusion-layout-column fusion_builder_column fusion-builder-column-3 fusion_builder_column_1_4 1_4 fusion-flex-column\" style=\"--awb-bg-size:cover;--awb-width-large:25%;--awb-margin-top-large:0px;--awb-spacing-right-large:7.68%;--awb-margin-bottom-large:20px;--awb-spacing-left-large:7.68%;--awb-width-medium:25%;--awb-order-medium:0;--awb-spacing-right-medium:7.68%;--awb-spacing-left-medium:7.68%;--awb-width-small:100%;--awb-order-small:0;--awb-spacing-right-small:1.92%;--awb-spacing-left-small:1.92%;\"><div class=\"fusion-column-wrapper fusion-column-has-shadow fusion-flex-justify-content-flex-start fusion-content-layout-column\"><div class=\"fusion-image-element \" style=\"--awb-caption-title-font-family:var(--h2_typography-font-family);--awb-caption-title-font-weight:var(--h2_typography-font-weight);--awb-caption-title-font-style:var(--h2_typography-font-style);--awb-caption-title-size:var(--h2_typography-font-size);--awb-caption-title-transform:var(--h2_typography-text-transform);--awb-caption-title-line-height:var(--h2_typography-line-height);--awb-caption-title-letter-spacing:var(--h2_typography-letter-spacing);\"><span class=\" fusion-imageframe imageframe-none imageframe-2 hover-type-none\"><img decoding=\"async\" width=\"400\" height=\"334\" title=\"48_02\" src=\"https:\/\/anthropologie-jungklaus.de\/wp-content\/uploads\/2021\/01\/48_02-400x334.jpg\" alt class=\"img-responsive wp-image-1316\" srcset=\"https:\/\/anthropologie-jungklaus.de\/wp-content\/uploads\/2021\/01\/48_02-200x167.jpg 200w, https:\/\/anthropologie-jungklaus.de\/wp-content\/uploads\/2021\/01\/48_02-400x334.jpg 400w, https:\/\/anthropologie-jungklaus.de\/wp-content\/uploads\/2021\/01\/48_02.jpg 450w\" sizes=\"(max-width: 640px) 100vw, 400px\" \/><\/span><\/div><div class=\"fusion-text fusion-text-3\"><p style=\"text-align: center;\">Transversale Schmelzhypoplasien bei einem 12-14 Jahre alten M\u00e4dchen<\/p>\n<\/div><\/div><\/div><div class=\"fusion-layout-column fusion_builder_column fusion-builder-column-4 fusion_builder_column_1_4 1_4 fusion-flex-column\" style=\"--awb-bg-size:cover;--awb-width-large:25%;--awb-margin-top-large:0px;--awb-spacing-right-large:7.68%;--awb-margin-bottom-large:20px;--awb-spacing-left-large:7.68%;--awb-width-medium:25%;--awb-order-medium:0;--awb-spacing-right-medium:7.68%;--awb-spacing-left-medium:7.68%;--awb-width-small:100%;--awb-order-small:0;--awb-spacing-right-small:1.92%;--awb-spacing-left-small:1.92%;\"><div class=\"fusion-column-wrapper fusion-column-has-shadow fusion-flex-justify-content-flex-start fusion-content-layout-column\"><\/div><\/div><\/div><\/div><\/p>\n","protected":false},"excerpt":{"rendered":"","protected":false},"author":1,"featured_media":0,"parent":1224,"menu_order":0,"comment_status":"closed","ping_status":"closed","template":"","meta":{"footnotes":""},"_links":{"self":[{"href":"https:\/\/anthropologie-jungklaus.de\/index.php?rest_route=\/wp\/v2\/pages\/1496"}],"collection":[{"href":"https:\/\/anthropologie-jungklaus.de\/index.php?rest_route=\/wp\/v2\/pages"}],"about":[{"href":"https:\/\/anthropologie-jungklaus.de\/index.php?rest_route=\/wp\/v2\/types\/page"}],"author":[{"embeddable":true,"href":"https:\/\/anthropologie-jungklaus.de\/index.php?rest_route=\/wp\/v2\/users\/1"}],"replies":[{"embeddable":true,"href":"https:\/\/anthropologie-jungklaus.de\/index.php?rest_route=%2Fwp%2Fv2%2Fcomments&post=1496"}],"version-history":[{"count":2,"href":"https:\/\/anthropologie-jungklaus.de\/index.php?rest_route=\/wp\/v2\/pages\/1496\/revisions"}],"predecessor-version":[{"id":1498,"href":"https:\/\/anthropologie-jungklaus.de\/index.php?rest_route=\/wp\/v2\/pages\/1496\/revisions\/1498"}],"up":[{"embeddable":true,"href":"https:\/\/anthropologie-jungklaus.de\/index.php?rest_route=\/wp\/v2\/pages\/1224"}],"wp:attachment":[{"href":"https:\/\/anthropologie-jungklaus.de\/index.php?rest_route=%2Fwp%2Fv2%2Fmedia&parent=1496"}],"curies":[{"name":"wp","href":"https:\/\/api.w.org\/{rel}","templated":true}]}}